. Calculate x(u).
17
Let t = 1 - -2. Let m = -2 + t. Let i(z) = 2*z - z - 8*z - 1 - 3*z. Give i(m).
-11
Let x be (1/2)/((-1)/(-8)). Suppose -z = 4*d - 3*d - 41, 119 = x*z - 5*d. Let y(f) = -29*f - 5 + 5 + z*f. What is y(-1)?
-7
Let g(k) = -30*k**3 - 2*k**2 - 4*k - 3. Let w be g(-1). Suppose w*j - 32*j = 0. Let q(v) be the first derivative of v**2/2 + 14*v + 1. Determine q(j).
14
Let f(o) = 3*o**3 + 5*o**2 - 12*o + 2. Let h(r) = r**3 - r**2 - 1. Let d(j) = -f(j) + 4*h(j). What is d(8)?
26
Let a(l) = -7*l**3 + l**2. Let t be a(-1). Let p = -6 + t. Let r(s) = p - 4 + s + 0. Give r(-4).
-6
Suppose 177 = 32*s - 15. Let l(j) = -j**3 + 5*j**2 + 7*j - 6. Calculate l(s).
0
Let s = 30 - -21. Let n = s + -46. Let y(k) = -k**3 + 4*k**2 + 4*k + 4. Determine y(n).
-1
Let b(k) be the second derivative of -k**5/20 - k**4/12 - k**3/6 + 12*k. Let m(p) = 7*p**3 + 12*p**2 + 2*p - 4. Let s(g) = -6*b(g) - m(g). Give s(-6).
-20
Let z(o) = 3*o**2 - o - 1. Let t(l) = -l**3 - l**2 + 11*l + 2. Let j be t(3). Determine z(j).
3
Let d(x) = x + 0 - 3874*x**2 - 3 + 3872*x**2 - 3*x. Let v(u) = -u**2 + 2. Let j be v(-2). Calculate d(j).
-7
Let n(y) = -16*y**2 - 2*y + 1. Let a(g) = -117*g**2 - 16*g + 7. Let b(j) = -3*a(j) + 22*n(j). Let l = 1 + 3. Calculate b(l).
1
Let j = 36 - 38. Let b(w) = 4*w**3 + 4*w**2 - w - 13. Let d(x) = -x**3 - x**2 + 3. Let n(g) = j*b(g) - 9*d(g). Give n(-2).
-9
Let m(y) = y**3 + 8*y**2 + 2*y - 5. Suppose 0*x = -x + 4, -4*k = 3*x + 16. Give m(k).
30
Let w(q) be the first derivative of -11*q**2/2 + 3*q - 76. Give w(2).
-19
Let m(b) = -b**3 - 4*b**2 + 9*b - 6. Let v be m(-7). Let z be 327/13 - 12/v. Let a = 32 - z. Let p(r) = r**2 - 7*r + 7. Calculate p(a).
7
Let b(t) be the first derivative of 3*t**2/2 + 16*t + 192. Calculate b(-8).
-8
Let j(b) = 15*b - 3. Let z(a) = 23*a - 4. Let u(o) = 7*j(o) - 5*z(o). Let k = 236 + -237. Give u(k).
9
Let q(r) = r**3 + 7*r**2 + 4*r + 6. Let x(h) = -h**3 - 13*h**2 - 13*h + 16. Let l be x(-12). Let m = l - 34. What is q(m)?
18
Let w = 68 + -63. Let u(h) = -w*h**2 - 7*h - h**3 + 8*h - 3*h - 1. Let b(x) = -x**2 + x - 2. Let s be b(2). Calculate u(s).
-9
Let d(b) = 4*b**3 + 4*b**2 - 4*b**2 - b**2 - 16*b**3 - 3*b**3 + b. Calculate d(1).
-15
Suppose 7 - 2 = -k. Let g(t) = 6 - 2 + 2*t + 5*t**2 - 6 + 13*t**2 + t**3 - 13*t**2. Give g(k).
-12
Let c(h) = 4*h**2 - 50*h. Let w(f) = -5*f**2 + 55*f. Let y(k) = 6*c(k) + 5*w(k). Calculate y(-25).
0
Let s(y) be the third derivative of -y**4/24 - 5*y**3/2 + 45*y**2. Calculate s(0).
-15
Let x(v) = -v**2 - 10*v + 6. Suppose 5*c = 5*z - 55, 4*c = z - 6*z - 8. What is x(c)?
27
Let o(g) = g - 1. Let m be 0 + 5 - (-3 - -1). Let c(l) be the third derivative of -l**5/60 + 7*l**4/24 - l**3/3 + l**2. Let r be c(m). Give o(r).
-3
Let v(j) = 6*j**2 + 16*j - 20. Let h(k) = 4*k**2 + 11*k - 13. Let f(m) = -8*h(m) + 5*v(m). Give f(-5).
-6
Let m(k) be the first derivative of k**2/2 - 3*k - 100. Let c be 6 - (3 - (1 + -1)). Give m(c).
0
Let p(q) = -2*q**3 + q**2 + 2*q + 1. Let l be p(-1). Let b(g) = -4*g**3 - 1 - 4*g**l + 3*g**3 + 2*g + 3*g**2. What is b(2)?
-9
Let b(m) = -3*m**2 + 3*m - 3. Suppose 3*z + 5*k = -1 - 3, -4*k = -2*z + 12. Give b(z).
-9
Let f(y) = -y**3 + 7*y**2 - 7*y + 5. Let z(j) = 2*j**2 - 54*j + 95. Let t(g) = g**2 - 27*g + 48. Let o(p) = 5*t(p) - 3*z(p). Let h be o(25). Determine f(h).
20
Let i(z) = 3*z**2 + 2*z + 26. Let b(f) = -10*f**2 - 7*f - 78. Let r(v) = -2*b(v) - 7*i(v). Determine r(0).
-26
Let a = 70 - 68. Suppose -s = a*s - 6. Let v(g) = -6*g + 3. Give v(s).
-9
Let c(n) be the third derivative of n**5/20 + n**4/12 + 8*n**3/3 - 2*n**2 - 10*n. Let l(o) be the first derivative of c(o). What is l(2)?
14
Let u(h) = -h + 1. Let m = 35 + -39. Let n be 2/m*(-38)/19. Give u(n).
0
Let u(w) be the first derivative of w**2 + 13*w + 174. Give u(0).
13
Let j(x) = x + 1. Suppose 4*u + 21 = 3*z, 4*z - 4*u = -0*z + 24. Suppose -z*b = -2*b + 17. Let r = 16 + b. Give j(r).
0
Let k = 102 + -68. Let j be k/6 - 2/3. Suppose y + 6 = -2*r - 2*r, -4*y - 13 = j*r. Let f(i) = 2*i + 1. Give f(r).
-1
Let r(o) = -o**3 + 49*o - 9*o**2 - 40*o + 5*o + 0*o**3 + 15. Determine r(-10).
-25
Let n(p) = -7*p**3 + 10*p**2 - 8*p - 9. Suppose 6 + 24 = -5*q. Let c(i) = i**3 - i**2 + i + 1. Let b(w) = q*c(w) - n(w). Let g = 8 - 5. What is b(g)?
0
Let q be 2079/22 - (-6)/4. Let s = q + -98. Let d(x) = x**2 + 1. Determine d(s).
5
Suppose 33 = -4*h - 6*o + 5*o, 2*h + 33 = 5*o. Let i(d) = -d + 3. Determine i(h).
12
Suppose 0 = 2*m + 23 - 9. Let b(f) be the first derivative of -f**4/4 - 7*f**3/3 + f**2 - 298. Determine b(m).
-14
Let j(g) = 3*g - 9. Suppose 3*c = -x + 22, -6*x + 23 = -4*x - c. Calculate j(x).
30
Let g = 0 + -6. Let l = -57 - -59. Let b(x) = -3*x - 14*x**l - 8 + 10*x + 15*x**2. Determine b(g).
-14
Let g be 29/(1 - 25/20). Let j = g - -110. Let n(f) = 0*f**2 - 7 + 2*f + f + f**2. What is n(j)?
11
Let n(m) = -20*m**2 + 27*m**2 - 3 - 3*m**3 + 2*m**3 + 9. Calculate n(7).
6
Let o(f) = -3*f + 5. Let m be ((-2)/8)/(1/(-44)). Let h(r) = 4*r + 2*r + r - m + 0*r. Let l(q) = -4*h(q) - 9*o(q). Give l(2).
-3
Let a(u) = -u**3 - u - 1. Let t be a(-1). Let c(i) = 1 + 74*i - 72*i - 4*i. Give c(t).
-1
Let o(l) = 9*l - 31. Let s(t) = t - 6. Let d(b) = -o(b) + 5*s(b). What is d(-1)?
5
Let b(l) = -l + 7. Suppose 53 = 3*n - u + 11, 4*n - 64 = 4*u. Let a = n + -8. Suppose -a*w = -4*w. What is b(w)?
7
Let w(p) = -91628*p - p**2 + 91628*p + 36. What is w(0)?
36
Let h(r) be the third derivative of -r**7/840 + r**6/72 - r**5/60 + 4*r**3/3 - 2*r**2. Let n(t) be the first derivative of h(t). What is n(4)?
8
Let j(t) be the second derivative of t**3/6 + 7*t**2 - t. Let g be j(-7). Let l(d) = -d**3 + 6*d**2 + 7*d + 3. Let k be l(g). Let w(m) = 5*m. Calculate w(k).
15
Suppose 5*i - 38 = -4*b, 5*i = 2*i - 3*b + 24. Let d be -1 + 3*(-1 + 4). Let g(s) = s - i*s + d*s + s. Give g(1).
4
Let s be 10/(-20) + 22/4. Suppose -y + 1 = -s. Let j(a) = 10*a - a**2 + 2*a**2 - 8 - 14*a + 0*a. Give j(y).
4
Let p(w) = -2*w - 3. Let c(a) = a**3 - 14*a**2 - 19*a + 56. Let u be c(15). Give p(u).
5
Suppose -15*u + 19*u + 2*y - 6 = 0, 2*u - y + 3 = 0. Let l(i) be the second derivative of 7/2*i**2 + 1/3*i**3 + u + 4*i. Determine l(-6).
-5
Let n(b) = -b - 2. Let y(j) = -j - 1. Let o(u) = -2*n(u) + 3*y(u). Let c(m) = -m**2 - 2*m - 4*m + 3 - 7. Let r be c(-5). Calculate o(r).
0
Let w(r) be the second derivative of r**5/20 + r**4/6 - r**3/3 - 2*r + 4. Determine w(-3).
-3
Let z(b) be the third derivative of b**6/60 - b**5/30 + b**4/12 - 799*b**2. Let i(w) = -w - 2. Let y be i(-4). Let d be ((-2)/y)/((-2)/4). Give z(d).
12
Let n(w) = -3*w**2 + 32*w - 6. Let o(y) = -y**2 + 11*y - 2. Let s(r) = -4*n(r) + 11*o(r). Let l = 20 + -7. Suppose -27 = -2*m - 3*x, l + 12 = 5*x. What is s(m)?
-4
Let r = 982 - 971. Let h(g) = g**3 - 12*g**2 + 8*g + 25. What is h(r)?
-8
Let d(u) be the second derivative of 50*u + 3/4*u**4 + 0*u**2 - 3/2*u**3 + 0 - 1/20*u**5. What is d(8)?
-8
Suppose -95*b + 90*b = -2*i + 23, 0 = 2*b + 5*i + 15. Let h(u) = -5*u**2 - 3*u + 3. Let v(n) = -9*n**2 - 6*n + 5. Let w(d) = 7*h(d) - 4*v(d). Calculate w(b).
11
Let l(r) = r**3 + r**2 - r - 1. Let g(x) = -4*x**3 - 5*x**2 + 3*x + 6. Let f(j) = g(j) + 5*l(j). Determine f(-2).
-3
Let u(p) = -p**3 - 4*p**2 - 3*p - 4. Suppose 0 = -0*w - 3*w - 6. Let q be (26 + w)/(-1 - -2). Let i be (-1)/(-4) - 102/q. Calculate u(i).
8
Let n = -113 + 113. Let o(z) = -41*z**2 + 21*z**2 - 1 + 21*z**2 + 4*z**3 + n. Give o(1).
4
Let q(j) = -2*j**2 - j. Let l be q(1). Let t be 1 - (l - (-2)/2). Let g(r) = 5*r**2 - 10*r**2 + 9*r**2 - r**t + 5*r + 3. What is g(5)?
3
Let w(v) = 2*v**2 - 2*v**2 - 4171*v + 4175*v - 2*v**2 + 1. What is w(2)?
1
Suppose 0 = -s - 2*s + 63. Let a(j) = -3*j - 3 + 7*j + 12*j**2 - 34*j**2 + s*j**2. Give a(4).
-3
Let c(q) = -2*q. Let j = 2 - 1. Let f be 0/j + (0 - 3). Let u be c(f). Let o(p) = 2*p - 5. What is o(u)?
7
Let p(w) = 2*w - 13. Let r = -994 + 999. Give p(r).
-3
Let w(s) = s**2 + 5*s + 1. Let g(c) = -c**2 - 6*c - 1. Let q be ((-28)/(-10))/(8/20). Let k(y) = q*w(y) + 6*g(y). Determine k(1).
1
Let i(g) = g**3 + 2*g**2 - 2*g - 3. Let m be 35/21 + (-1)/(-3). Suppose 2*d - 14 = 4*w - 0, -m*d = -6. Calculate i(w).
1
Let r(t) = 2*t**2 + 7*t + 1. Let s be r(-4). Suppose 5*f - s = 5*x, 5*x = 3*f + 2 - 1. Let q(l) = 2